225
What is the remainder when 11348 is divided by 1021?
117
What is the remainder when 296428 is divided by 56?
20
Calculate the remainder when 11192 is divided by 13.
12
Calculate the remainder when 3885927 is divided by 136.
135
What is the remainder when 232737 is divided by 96?
33
What is the remainder when 19795 is divided by 98?
97
What is the remainder when 21659 is divided by 147?
50
Calculate the remainder when 1064967 is divided by 1743.
1737
What is the remainder when 438 is divided by 54?
6
What is the remainder when 8540 is divided by 5?
0
Calculate the remainder when 1857 is divided by 20.
17
Calculate the remainder when 10816 is divided by 2673.
124
What is the remainder when 4362 is divided by 1346?
324
Calculate the remainder when 2276708 is divided by 267.
266
Calculate the remainder when 3191 is divided by 46.
17
What is the remainder when 12422 is divided by 63?
11
Calculate the remainder when 113496 is divided by 2579.
20
Calculate the remainder when 837 is divided by 143.
122
Calculate the remainder when 9673 is divided by 9394.
279
What is the remainder when 302267 is divided by 181?
178
Calculate the remainder when 696868 is divided by 29.
27
Calculate the remainder when 1242190 is divided by 16.
14
What is the remainder when 448964 is divided by 610?
4
What is the remainder when 28100 is divided by 1995?
170
What is the remainder when 6208 is divided by 621?
619
What is the remainder when 431432 is divided by 6?
2
What is the remainder when 129577 is divided by 44?
41
What is the remainder when 1170 is divided by 210?
120
What is the remainder when 2847 is divided by 93?
57
Calculate the remainder when 7942 is divided by 7.
4
Calculate the remainder when 67116 is divided by 89.
10
What is the remainder when 438855 is divided by 146265?
60
Calculate the remainder when 31178 is divided by 226.
216
Calculate the remainder when 1697 is divided by 291.
242
What is the remainder when 145307 is divided by 138?
131
What is the remainder when 145530 is divided by 1819?
10
Calculate the remainder when 6705 is divided by 1584.
369
What is the remainder when 17996 is divided by 2569?
13
Calculate the remainder when 5580 is divided by 15.
0
What is the remainder when 93074 is divided by 17?
16
What is the remainder when 192617 is divided by 428?
17
What is the remainder when 3435646 is divided by 384?
382
Calculate the remainder when 2436698 is divided by 1218344.
10
Calculate the remainder when 113487 is divided by 390.
387
What is the remainder when 17473 is divided by 208?
1
Calculate the remainder when 268 is divided by 30.
28
Calculate the remainder when 205572 is divided by 51371.
88
Calculate the remainder when 95 is divided by 58.
37
What is the remainder when 24245 is divided by 5?
0
Calculate the remainder when 50059 is divided by 2002.
9
Calculate the remainder when 23840 is divided by 137.
2
What is the remainder when 2801 is divided by 910?
71
Calculate the remainder when 81493 is divided by 500.
493
Calculate the remainder when 50255 is divided by 437.
0
What is the remainder when 1543 is divided by 122?
79
Calculate the remainder when 10291 is divided by 419.
235
What is the remainder when 80510 is divided by 296?
294
What is the remainder when 24762 is divided by 8251?
9
What is the remainder when 24358 is divided by 3044?
6
Calculate the remainder when 12261 is divided by 3060.
21
Calculate the remainder when 12992 is divided by 213.
212
Calculate the remainder when 67046 is divided by 337.
320
Calculate the remainder when 82459 is divided by 20610.
19
Calculate the remainder when 34440 is divided by 1377.
15
What is the remainder when 5070 is divided by 771?
444
What is the remainder when 62670 is divided by 4817?
49
Calculate the remainder when 2022 is divided by 22.
20
Calculate the remainder when 9416 is divided by 4533.
350
What is the remainder when 1739 is divided by 307?
204
What is the remainder when 554 is divided by 47?
37
Calculate the remainder when 114147 is divided by 28.
19
What is the remainder when 86107 is divided by 104?
99
What is the remainder when 4248 is divided by 3148?
1100
Calculate the remainder when 707054 is divided by 112.
110
Calculate the remainder when 134845 is divided by 602.
599
Calculate the remainder when 18324 is divided by 54.
18
Calculate the remainder when 107871 is divided by 39.
36
Calculate the remainder when 22015 is divided by 48.
31
Calculate the remainder when 4536 is divided by 255.
201
Calculate the remainder when 40050 is divided by 237.
234
What is the remainder when 675101 is divided by 35?
21
Calculate the remainder when 3318 is divided by 238.
224
What is the remainder when 2076 is divided by 21?
18
Calculate the remainder when 44615 is divided by 572.
571
What is the remainder when 5607 is divided by 18?
9
What is the remainder when 45605 is divided by 22802?
1
Calculate the remainder when 3130 is divided by 242.
226
What is the remainder when 3527 is divided by 7?
6
What is the remainder when 2821 is divided by 45?
31
What is the remainder when 56841 is divided by 1623?
36
Calculate the remainder when 47591 is divided by 177.
155
Calculate the remainder when 12611 is divided by 158.
129
What is the remainder when 1869 is divided by 15?
9
What is the remainder when 219363 is divided by 73?
71
Calculate the remainder when 50825 is divided by 98.
61
Calculate the remainder when 15379 is divided by 1097.
21
Calculate the remainder when 418 is divided by 28.
26
Calculate the remainder when 17230 is divided by 8504.
222
Calculate the remainder when 2188 is divided by 1092.
4
Calculate the remainder when 2206 is divided by 583.
457
Calculate the remainder when 8753 is divided by 159.
8
Calculate the remainder when 31996 is divided by 164.
16
What is the remainder when 2702 is divided by 888?
38
Calculate the remainder when 105980 is divided by 484.
468
Calculate the remainder when 2591 is divided by 31.
18
What is the remainder when 2126 is divided by 219?
155
Calculate the remainder when 25765 is divided by 8583.
16
Calculate the remainder when 2666 is divided by 1297.
72
What is the remainder when 28427 is divided by 29?
7
What is the remainder when 11709 is divided by 532?
5
What is the remainder when 2591 is divided by 846?
53
Calculate the remainder when 24325 is divided by 4864.
5
Calculate the remainder when 4605 is divided by 369.
177
Calculate the remainder when 120138 is divided by 3754.
10
What is the remainder when 1012 is divided by 23?
0
Calculate the remainder when 6208 is divided by 16.
0
What is the remainder when 107175 is divided by 8?
7
What is the remainder when 1072000 is divided by 60?
40
Calculate the remainder when 1487 is divided by 604.
279
What is the remainder when 2243 is divided by 34?
33
What is the remainder when 24699 is divided by 549?
543
What is the remainder when 33753 is divided by 7?
6
Calculate the remainder when 4741 is divided by 206.
3
What is the remainder when 3219 is divided by 107?
9
Calculate the remainder when 13371 is divided by 1027.
20
What is the remainder when 330011 is divided by 149?
125
What is the remainder when 26341 is divided by 59?
27
Calculate the remainder when 139799 is divided by 518.
457
What is the remainder when 3721 is divided by 482?
347
What is the remainder when 3682 is divided by 17?
10
What is the remainder when 47102 is divided by 128?
126
What is the remainder when 1191 is divided by 53?
25
Calculate the remainder when 9248 is divided by 3036.
140
What is the remainder when 10929 is divided by 367?
286
What is the remainder when 61968 is divided by 43?
5
What is the remainder when 7446489 is divided by 1467?
1464
Calculate the remainder when 55095 is divided by 38.
33
What is the remainder when 180900 is divided by 601?
600
What is the remainder when 458 is divided by 242?
216
Calculate the remainder when 5770 is divided by 5560.
210
What is the remainder when 116196 is divided by 350?
346
Calculate the remainder when 254 is divided by 160.
94
Calculate the remainder when 784 is divided by 766.
18
Calculate the remainder when 2426 is divided by 61.
47
Calculate the remainder when 460 is divided by 213.
34
What is the remainder when 9608 is divided by 4?
0
Calculate the remainder wh